t d = -79 - -81. Give u(d).
-1
Let f(g) be the third derivative of 1/60*g**5 + 1/24*g**4 + 0 + 0*g - 16*g**2 - 17/6*g**3. Calculate f(0).
-17
Let c(q) = -q**2 - q + 2. Let u be (-35)/15 + (-330)/(-45). Determine c(u).
-28
Let o(b) = b**2 - 1. Suppose 0 = z + 2*v - v - 48, 5*v = -15. Suppose z*i + 24 = 45*i. Determine o(i).
15
Let r be -4 + ((-60)/(-6))/10. Let o(d) = -10*d - 1. Give o(r).
29
Let v = -120 - -121. Suppose 9*n + 1 = v. Let c(s) be the third derivative of -s**5/60 + s**4/24 + s**3/3 - s**2. Determine c(n).
2
Let s(z) = 6*z**2 - 3*z - 11. Let n(h) = 5*h**2 - 2*h - 10. Let t(a) = 5*n(a) - 4*s(a). Determine t(-5).
9
Let v(c) = 12*c**2 + c. Suppose -2*x - x = -12. Suppose 3*d + x*y = -2 - 3, -10 = 5*y. Let z be (-8 - -7) + d*2. What is v(z)?
13
Suppose 2 = 2*o, 4*i - 2*o + 20 = 7*i. Let a(v) = -v**2 + 5*v + 2. Give a(i).
-4
Let w(c) = c**2 - 15*c + 18. Let f be w(14). Let h(a) = a**2 - 8*a - 9. Let v(k) = k**2 - 9*k - 10. Let u(g) = f*v(g) - 5*h(g). Determine u(6).
-7
Suppose 19*p - 90 = p. Let g(h) = -h**3 + 5*h**2 + 3*h - 11. Calculate g(p).
4
Let w(r) be the third derivative of -2/3*r**3 + 5/24*r**4 + 0*r + 13*r**2 - 1/60*r**5 + 0. Determine w(5).
-4
Let l be 1/1*4 - 0. Suppose -l*m + m - 3 = -5*t, -3*t = 2*m - 17. Suppose 3*b + 0*b = t*x + 9, -2*x - 4*b = 0. Let v(r) = r**3 + 4*r**2 + 4*r + 3. Give v(x).
3
Suppose 0 = -3*q - 0 - 3. Suppose t - 3 - 1 = 0. Let c(x) = t*x**2 - x**2 - 3*x**2 + 2*x**2. Calculate c(q).
2
Suppose 5*y - 4*j = 6, y = -2*j + 5*j - 1. Let q(k) = -3*k**3 + 3*k**2 - 1. What is q(y)?
-13
Let b(c) = -7*c**2 + 22*c - 15. Let r(h) = h**3 + 9*h**2 - h - 4. Let l be r(-9). Let p(y) = -10*y**2 + 33*y - 22. Let k(v) = l*p(v) - 7*b(v). Calculate k(11).
-5
Let x(o) = -o**3 + 7*o**2 - 8*o + 4. Let p(w) = 4*w**3 - 2*w**2 + 6. Let j be p(-2). Let k = 39 + j. Give x(k).
14
Let o(x) = -x**2 + 6*x + 3. Suppose -u - 2*q = -7, -21*u - 18 = -25*u - 3*q. What is o(u)?
12
Let x(i) = -3*i**3 + 133*i**2 - 44*i + 3. Let h be x(44). Let q(n) be the first derivative of -n - 12 + 3*n**2 - 1/3*n**h. Calculate q(7).
-8
Suppose -3*i + 4*z = -33, 3*i + z - 6*z = 36. Suppose -2*o = o - 57. Let y(j) = o - j - i - 9. What is y(4)?
-1
Let m = 28 - 16. Let t = -26 - -18. Let b = m + t. Let h(n) = n**3 - 4*n**2 + 2*n - 4. What is h(b)?
4
Let s(f) = f**3 + 4*f**2 - 3. Suppose 15 = -3*u, 0 = 3*z - u + 4*u - 21. Suppose 0*i = -4*i - z. Determine s(i).
6
Let k(r) = -14*r - 21 + 7*r**2 + 3*r + 10 + 13 + r**3 + 1. Give k(-8).
27
Let k(r) = 2*r + 10. Let x be k(-4). Let s(i) = -i**2 - 2*i**x - i - 4 + 6. Let n be 3/18 - (-13)/(-6). Calculate s(n).
-8
Let j(m) be the third derivative of m**7/1008 + m**6/720 + 3*m**5/20 - 21*m**2. Let g(x) be the third derivative of j(x). What is g(3)?
16
Let i(m) = -m**2 + 5*m + 1. Let v be i(5). Suppose 4 = -5*f + 4*n, -3*f - 3*n + 2*n = -v. Suppose f = k - 2 - 4. Let s(o) = o**2 - 4*o + 4. Calculate s(k).
16
Let g(o) be the second derivative of -o**3/3 + o**2/2 - 2*o. Suppose f - u = 4*u - 10, -3*f + 9 = -2*u. Suppose 1 + f = q. Give g(q).
-11
Let p(o) = -560 - 558 + 3*o + 1122. Determine p(-4).
-8
Suppose 0 = 41*w - 57 - 66. Let l = 0 - -2. Let b(d) = 6*d + 0*d**3 + 2*d**l - 2 - d**3 - 2*d + 0*d**w. Give b(3).
1
Let u(c) = 15*c**2 - 2*c + 5. Let w = -42 + 47. Let r(j) = 16*j**2 - 2*j + 6. Let o(b) = w*u(b) - 4*r(b). Determine o(1).
10
Let h(d) = d - 1. Let w(f) be the third derivative of -f**4/24 - 7*f**3/2 - f**2. Let g be w(-18). What is h(g)?
-4
Let n(w) = 6*w + 2*w - 2*w + 3 - 6 - 8*w. What is n(-2)?
1
Let d(g) = 3*g**3 + 2*g**2 - 2*g + 1. Let o(r) = 2*r**2 - 5*r - 2. Let q be o(2). Let y be (-1 - q - -2) + -4. Determine d(y).
4
Let q(z) = -z**3 + 6*z**2 + 9*z - 4. Let u be -4 - -7 - 6 - -1*5. Let d(p) = 2*p**3 - 12*p**2 - 17*p + 7. Let v(w) = u*d(w) + 5*q(w). Give v(7).
22
Let j(l) = -28*l - 28*l - 30*l - 10 - 20*l + 104*l. What is j(-2)?
-6
Let y(f) = f**3 + f**2 - 4*f - 1. Let d(j) = -5*j + 17. Let b(t) = -t**3 + 2*t**2 - t + 4. Let g be b(0). Let s be d(g). Calculate y(s).
-7
Let j(s) = -s**2 - 2*s - 1. Let h be ((-1824)/(-38))/(((-6)/(-8))/(-1)). Let i = -62 - h. What is j(i)?
-9
Suppose -i + 3 + 1 = 0. Suppose 5*v - i*v - 4*b = 64, 2*b + 192 = 3*v. Let h(r) = -36 + v - 3*r - 31. Give h(3).
-12
Let q(y) = -2*y - 17. Let o be q(-7). Let f(j) = -94*j**3 + 2*j - 108*j**3 + 5*j**2 - 3 + 203*j**3. Calculate f(o).
9
Let f be (-1)/((-1 + 0)*(-27)/135). Let k(t) = -2*t - 4. Give k(f).
6
Let a(u) = -u**3 + 6*u**2 - 3*u - 2. Let k(p) = -2*p**3 - 3*p**2 + 19*p + 1. Let y be k(-4). Determine a(y).
8
Let s(j) = -j**3 + 7*j**2 + 6*j - 4. Let a = 449 - 441. What is s(a)?
-20
Let h(a) = a**2 - 4*a + 1. Let g be 40/(-1)*4/(-10). Let d = 10 - g. Let y be (10/d)/((-13)/39). Calculate h(y).
6
Let u(k) be the first derivative of 17*k**5/20 + k**4/12 - k**3/3 + k**2/2 + 5*k + 13. Let x(d) be the first derivative of u(d). What is x(1)?
17
Let o be 0 + -11 - (0 - 3). Let w(b) be the first derivative of b**3/3 + 7*b**2/2 + 4*b - 46. Calculate w(o).
12
Let v(c) = -c**3 + 5*c**2 - 4*c - 5. Suppose 5*s + 39 = -2*j, s = -2*s + j - 30. Let n be 2/s + 120/54. Let d be ((-2)/n)/((-1)/4). Calculate v(d).
-5
Suppose 2 - 14 = 2*r - 3*s, -20 = 5*r - 5*s. Let u(v) = -v - 3 - 19 + 2*v. Calculate u(r).
-22
Let r(f) be the third derivative of f**5/60 - f**4/12 + 3*f**3/2 - f**2 - 89*f. Give r(5).
24
Let d(r) = -10*r**2 + 146 - 9*r - r**3 + 0*r - 146. Determine d(-9).
0
Let a = 2227 - 2225. Let h(j) = -12*j - 2. Determine h(a).
-26
Let x be 11/(22/12) - 3. Let p(i) = 2*i**3 - 2*i + 3*i**3 - 1 + 5*i**2 - 6*i**x. What is p(3)?
11
Let b(m) = -25*m + 11. Let x be b(1). Let d be (-12)/42 - (-1 - 108/x). Let u(y) = -11*y + 9. Let q(v) = 5*v - 5. Let t(g) = 13*q(g) + 6*u(g). Calculate t(d).
-4
Let h = 79 + -79. Suppose 3*q = -3*i, 5*i + 4 = 3*i. Let y(x) = 4 + h*x**2 + x**3 - 3*x**q - 7 - 2*x + x**2. Determine y(3).
0
Let w(z) be the third derivative of -z**6/120 + z**5/10 + z**4/6 + 5*z**3/6 - 106*z**2. Determine w(5).
50
Let c(b) = -14*b**2 - b + 24. Let t(m) = 8*m**2 + m - 13. Let u(z) = 3*c(z) + 5*t(z). Determine u(3).
-5
Let h(o) = o - 3. Let u be ((-5)/(-10) + -3)*10. Let p = u - -22. Calculate h(p).
-6
Suppose 3*w = 4*m - 24, 22 = m + m - 4*w. Let y be (-3)/4 + m/(-12). Let b(v) = -4*v + 1. Determine b(y).
5
Let c(q) = 20342 - 20340 - 3*q**2 + 0*q**3 + 6*q - 4*q - q**3. Give c(-3).
-4
Let c(i) = i - 3. Let d(a) be the first derivative of a**2 - a + 1. Let u be d(2). Let w be c(u). Let t(k) = -k - 7. What is t(w)?
-7
Let t(w) be the third derivative of w**6/120 + w**4/24 + 8*w**3/3 - w**2 + 114*w. Determine t(0).
16
Let t(i) be the second derivative of -i**4/12 - 10*i**3/3 - 13*i**2/2 - 4*i - 3. Calculate t(-19).
6
Let r(x) = x**3 - 13*x**2 + 11*x + 4. Let y be r(12). Let p be ((-9)/(-6))/((-6)/y). Let g(j) = -48*j - 3*j**p + 4*j**2 + 43*j + 2. Determine g(4).
-2
Let y = -513 + 515. Let s(z) = 3*z**3 + z**2. What is s(y)?
28
Let g(u) = -u. Let d(f) = 2*f**2 + 0*f + 4*f**2 - 7*f**2 + 5*f. Let w(z) = -d(z) - 3*g(z). Give w(-2).
8
Let p(x) = 3*x**2 + 30 - 2*x + 2*x - 2*x**2 + 2*x - 20*x. Determine p(17).
13
Let y(o) = -o**2 + 9*o - 7. Let a = -108 - -156. Let j = -39 + a. What is y(j)?
-7
Suppose -63 = -v - 62. Let t(o) = o - 1. Give t(v).
0
Let k(m) = 47*m**3 - 3*m**2 + m - 48*m**3 + 2*m**2 - 7. Suppose 5*o = 2*y - 8, -2*o = -4*y + 13 + 3. Calculate k(o).
-7
Let u(i) = 2*i**3 - 39*i**2 - 19*i - 27. Suppose -94*z - 49 = -1929. What is u(z)?
-7
Let z(a) be the first derivative of -a**3/3 - 13*a**2/2 + 18*a + 222. Give z(-13).
18
Let d(r) be the third derivative of r**6/120 + r**5/60 - r**4/24 - r**3/6 - 3*r**2. Suppose -2*j + 6 = 2*t, 6*j + 16 = 8*j + 4*t. Determine d(j).
-3
Suppose -5*z + 5*x = -40, 3*z + 17 = 4*x + 45. Let k(n) = -n + 2 - z*n**2 - 5 + 5. Determine k(-2).
-12
Let o be (-2)/(-4) - 22/4. Let g(y) be the second derivative of y**5/20 + 5*y**4/12 - y**3/3 - 2*y**2 + 3*y - 16. Determine g(o).
6
Let s = -257 + 261. Let r(d) = -d**3 + 3*d**2 + 6*d - 3. Calculate r(s).
5
Let o(x) be the first derivative of -x**4/4 - 4*x**3/3 - 1. Let y(p) = -p**2 + 20*p - 34. Let m be y(18). Let w be 4 - (m - (-4 - 2)). Give o(w).
0
Let w(v) = 4*v - 4. Suppose -4*a = 4*c - 420, c - a - 16 = 97. Let f = c + -105. Calculate w(f).
12
Let w(g) = -g**2 + 5*g - 2